-i(d) + 5*y(d). Determine b(-3).
4
Let g(y) = 246*y**2 - 3*y + 247*y**2 - 494*y**2. Calculate g(-3).
0
Let k(c) = -8*c**3 + c. Let i be 2*(3/(-6) + 1). Calculate k(i).
-7
Suppose 9 = -11*z + 64. Let p(x) = -x**2 + 7*x - 6. What is p(z)?
4
Let p(h) = 4*h**2 + h + 6. Let t(m) = 9*m**2 + 2*m + 14. Let z(j) = -7*p(j) + 3*t(j). Give z(0).
0
Let q(y) = -y**2 - 16*y - 29. Let r be q(-14). Let t(m) = 4*m**3 + m**2. Give t(r).
-3
Let q(d) = 5*d + 1. Let f = 3 - 1. Give q(f).
11
Let c(h) = 5*h**2 - 20*h + 20. Let n = 14 - 16. Let f(u) = -u**2 + 5*u - 5. Let r(j) = n*c(j) - 9*f(j). What is r(-4)?
9
Let k be -12*4/32*-2. Let q(j) = -j**k + j**2 + 4*j**2 - 7 + j**2 - 5*j + 0*j. Calculate q(5).
-7
Let l be 0 - (2 - 4 - 1). Let u(g) = -5*g**l - 9*g**2 + 2*g**2 + 6*g**3 + 0*g**3. What is u(7)?
0
Let u(b) = b**2 + 7*b + 3. Suppose 3*l = 5*l - 6. Let v be (l/6)/((-2)/20). Give u(v).
-7
Let n(a) = 4*a**2 - 4*a**2 - 2 + a**2. Let g(i) = -i**2 + 8*i + 20. Let r be g(10). Calculate n(r).
-2
Let n = -5 + 10. Let p(c) = 11*c - 10*c + 5*c**2 - c**3 - n*c**2. Give p(0).
0
Let v(d) be the second derivative of -d**7/840 - d**6/72 - d**5/24 + d**4/12 + 2*d**3/3 - 4*d. Let h(k) be the second derivative of v(k). What is h(-4)?
6
Suppose 6*a - 2 = 4*a. Let v(p) = -3*p + a + 0 + 1. Give v(-3).
11
Let d(t) = 2*t**3 + 1. Let m be d(1). Suppose s - 20 = -m*s. Let g(q) = -1 + 2 - 9*q + 10*q - 4. Give g(s).
2
Let v be 2/1 - 6*(-3)/(-6). Let y(o) = -14*o**2 + o. Calculate y(v).
-15
Let q = 27 - 27. Let v(t) = t**3 - t**2 + t - 9. Give v(q).
-9
Let s(h) = -h**3 + 6*h**2 + 3*h. Let i(n) = n**2 - n + 1. Let d(f) = 3*i(f) - s(f). Give d(4).
-5
Let b = 5 + -4. Let g(u) = u. Let w be g(3). Let d(z) = -w*z**3 + 0*z**3 + 4*z**3 + 3 - 2 - 2*z**2. Calculate d(b).
0
Let h(g) = -2*g**2 - 3*g**2 + 6*g**2 + 2*g + 3*g + 3. Give h(-4).
-1
Let a(k) = k + 5. Let i(m) = -2*m - 4. Let s(b) = -3*a(b) - 2*i(b). Calculate s(5).
-2
Let g(x) = x**2 - 5*x - 5. Let k be (-2 - -1)*36/(-6). Let f be g(k). Let j(w) = 7*w - 4 + 1 + 2. What is j(f)?
6
Let v(i) = 5 + 0 + i + i. Let s(j) = 1 - 2 + j + 0. Let t(c) = -3*s(c) + v(c). Give t(0).
8
Let d(t) be the second derivative of 3*t**2 + 4*t + t**3 + 1/12*t**4 + 0. What is d(-5)?
1
Let b(x) be the first derivative of -x**4/4 - 7*x**3/3 + x**2/2 + 5*x - 5. Give b(-7).
-2
Let l = -3 + 1. Let b(m) be the third derivative of -m**6/120 - m**5/12 - m**4/24 + m**3/6 - 7*m**2. Give b(l).
-9
Let s(r) = -16*r**2 + 9*r**2 + 1 + 12*r**2 + 2*r. Determine s(-1).
4
Suppose -6*d - f = -2*d + 32, -5*f - 6 = -2*d. Let k(h) = 11*h + 25. Let l(t) = -7*t - 17. Let z(r) = 5*k(r) + 8*l(r). Calculate z(d).
-4
Let q(v) = 7*v**2 - v + 5. Let l(f) = -16*f**2 + f - 10. Let k(d) = -4*l(d) - 9*q(d). What is k(-5)?
-5
Suppose -2 = 2*p - 0. Let z(m) = 2*m**3 - m**2 + 1. What is z(p)?
-2
Let i be ((-1)/2)/(6/12). Let y(r) = 12*r**3 - 2*r**2 + 1. Calculate y(i).
-13
Let c = -5 - -8. Suppose 0 = c*p + 2*p - 5. Let h(i) = 6*i + 1. What is h(p)?
7
Let k(q) = q**3 - q**2 - 2*q - 2. Suppose 0*o + 21 = 7*o. Give k(o).
10
Suppose -4*s = 11 - 3. Let w = -1 - s. Let l(q) = -4*q**2 - 2*q - 3. Let o(d) = d + 1. Let j(b) = l(b) + 3*o(b). Calculate j(w).
-3
Let a(w) = w**3 - 3*w**2 + 2*w + 1. Let f be a(3). Let d(z) be the third derivative of -z**4/24 + 5*z**3/3 + 4*z**2. Calculate d(f).
3
Suppose 0 = 3*y + 3 - 0. Let l be (-2*(1 + -2))/y. Let c be (-1 - -2) + (l - 0). Let w(f) = 10*f**3. Calculate w(c).
-10
Let j(v) = 6*v - 3. Let s(g) = g - 1. Let u(f) = -j(f) + 2*s(f). Let n = -2 + 3. Calculate u(n).
-3
Let k be (-4)/3*(-3)/2. Suppose 2*s = -j, k*s = -2*j + s + 9. Let o(f) = f**2 - 7*f + 9. Calculate o(j).
3
Let s(q) = 3*q**2 - 2*q - 7. Let o(r) = -4*r**2 + r + 8. Let x(l) = -2*o(l) - 3*s(l). Give x(4).
5
Let c(t) = 8*t**3 - t. Let w be c(1). Let g = -5 + w. Let y(q) = g + 3 - 1 - 6*q - 3. What is y(2)?
-11
Let u be (0 + -1 + 0)/1. Let s be u/((-5)/2)*5. Let x(h) = h**2 - 3*h + 6 + h**s - 3. Give x(2).
5
Let u(h) = -6*h + 7. Let t(s) = 5*s - 6. Let n(c) = 3*t(c) + 2*u(c). Let l(d) = d. Let b be l(3). Calculate n(b).
5
Suppose u = 8*u + 21. Let f(o) = 4*o**2 + 0*o**2 + o**3 - 3*o**2 + 4 - 2*o. What is f(u)?
-8
Let g(a) = 10 + 10*a + 3*a**2 + 0 - 2*a**2. What is g(-7)?
-11
Let i(l) = -l - 5. Suppose 5*x = 3*a + 2*a - 25, 2*a + 20 = -x. What is i(x)?
5
Suppose 3*p = -2*p - 35. Let o be ((-5)/p - 1)*-7. Let z(j) = -3*j + o*j**2 - j + 3*j. Calculate z(2).
6
Let h(t) be the first derivative of -t**3/3 - 7*t**2/2 + 4*t + 19. Determine h(-8).
-4
Let w(f) = -13*f**2 + f + 1. Let n be ((-4)/(-6) + (-3)/9)*-3. Calculate w(n).
-13
Let u(z) be the third derivative of -z**8/6720 - z**5/120 - z**4/12 - z**2. Let w(x) be the second derivative of u(x). Calculate w(1).
-2
Let o(p) = p - p + p + 0. Let j be 4/20*5 - -4. Determine o(j).
5
Let z(x) be the second derivative of -1/6*x**3 + 0*x**2 + 0 + 2*x - 1/3*x**4. Let u(b) = -b**2 + 2*b + 1. Let m be u(2). Give z(m).
-5
Let x = 2 + 2. Let l(z) = -3*z - 4. Let h(v) = -3*v - 3. Let s(d) = x*h(d) - 3*l(d). Suppose 4*c = 4*t - 8, 5*c + 2 = 2*c + 2*t. Give s(c).
-6
Let s(c) = c - 3. Let d = 5 - 21. Let p = d - -10. Let b be (p/5)/((-6)/20). Give s(b).
1
Let w(c) be the first derivative of c**4/4 + c**3/3 - 10*c - 1. Suppose 2*s + 4 = 2*z - z, -z + 4*s = -8. What is w(z)?
-10
Let j(i) = -i**3 + 4*i**2 + 2*i - 4. Let k = 22 - 15. Let g be (1 - k)/(-8 - -6). Give j(g).
11
Let s(x) be the second derivative of -x**3/3 + x**2/2 + x. Calculate s(-4).
9
Let t(v) = 1 - 8*v**2 + 17*v**2 - 10*v**2 + 6 + 7*v. What is t(7)?
7
Let h(i) = 0*i - 4*i + 6 + 7*i - 4. Let k(q) = -3*q - 1. Let r(f) = 3*h(f) + 2*k(f). What is r(-4)?
-8
Suppose -8*t = -6*t - 4. Let l(c) be the first derivative of 2/3*c**3 - t - c**2 - 2*c. Give l(2).
2
Suppose 5*l = c + 54, 9*l - 4*l + c = 56. Let k = l + -12. Let m(d) = d. Calculate m(k).
-1
Suppose 0 = 4*k - 0*k - 2*p - 14, -5*k + 24 = 4*p. Let d(a) = -a**2 + 4*a. Let f be d(k). Let l(w) = -72 - 66 + 138 - 5*w + 4*w. Determine l(f).
0
Let t be -5 + 0 + (-1 - -1). Let c(b) = 2*b**2 + 3*b + 23. Let f(s) = -s**2 - s - 12. Let q(k) = 6*c(k) + 11*f(k). What is q(t)?
-4
Let o(a) = -a**3 + 4*a**2 + 3*a + 7. Let s be o(5). Let k be (0 + 0)/(s + 5). Let g(z) = z + z**2 - z**2 - 8 + z**2 + 0*z. Calculate g(k).
-8
Let b(g) be the second derivative of g**5/120 + g**4/24 + g**3/6 + 2*g. Let q(f) be the second derivative of b(f). Suppose 0*p + 5 = p. What is q(p)?
6
Let h(b) = -b**2 + 4*b + 6. Let o be (4/(-8) - -1) + 26/4. What is h(o)?
-15
Let d(i) be the first derivative of -i**3/3 + 4*i**2 - 9*i + 29. Calculate d(8).
-9
Suppose -4*u + 4*f = 20, -2*u - f + 2 = -3. Let o(t) = -t**2 + t + 1. Let q(v) = -4*v**2 + 4*v - 3. Let y(c) = 3*o(c) - q(c). Calculate y(u).
6
Let d(s) = 2*s + 5. Suppose 2 = -2*v, m - v + 7 = 1. Give d(m).
-9
Let z(h) = 2*h**3 - h**2 + 1. Let c(a) = a - 7. Let d be c(8). What is z(d)?
2
Let x = -9 + 11. Let s(n) = -n**3 + n**2 + 1. Calculate s(x).
-3
Let p(h) = -h**2 + h + 2. Let o(c) = 4*c**2 + c + 1. Let d be o(-1). Give p(d).
-10
Let z(t) = -2*t + 4*t - 1 - t. Let w(j) = 8*j + 4. Let u(m) = -9*m - 5. Let g(l) = 6*u(l) + 7*w(l). Let n(y) = 2*g(y) - 5*z(y). What is n(5)?
-4
Let j(o) = -6*o + 1. Let q(x) = -3*x. Suppose 0 = -5*a + 7 + 13. Let m(z) = a*j(z) - 7*q(z). Determine m(3).
-5
Let f(r) = -5*r**2 - 2*r + 1. Let j(w) = 0 + 4*w - 2 + 11*w**2 + 0*w - w**2. Let z(k) = 9*f(k) + 4*j(k). Give z(1).
-6
Let b(t) = -t - 12. Suppose 0 = -l - 3*l - 92. Let z be (0 + 0 + -1)*l. Suppose -a = -4*d - z, -3*a + 2 - 8 = 3*d. What is b(d)?
-7
Suppose 4 = 5*x - 6. Let j(i) = -i**3 - 7*i**2 + i. Let w be -3*2/(-18)*-3. Let h(b) = -b**3 - b**2 - b + 1. Let v(l) = w*j(l) + 3*h(l). What is v(x)?
-5
Suppose -85 = -5*d + 4*u, 0*d + 17 = d + 5*u. Suppose -9 = -2*c + s, 3*c + d = 4*c - 3*s. Let g(m) = -m**2 - 4*m**c + 4*m**2 + 1 + 3*m. What is g(4)?
-3
Let o(g) = 4*g**3 + 2*g**2 + 3*g - 2. Let s(c) = 2*c**3 + c**2 + c - 1. Let k(m) = 4*o(m) - 9*s(m). Let v be 4/14 - 3*(-128)/(-168). Calculate k(v).
7
Let d(c) be the third derivative of 0*c - 1/60*c**5 + 3*c**2 + 0 + 7/24*c**4 + c**3. Give d(7).
6
Let x(s) = s**2 + 9 - 6 - 4 - 2*s. Calculate x(-1).
2
Let y(d) be the third derivative of d**5/60 - d**4/12 + d**3/3 - d**2. Let b(i) = 2*i + 2. Let x be b(0). Determine y(x).
2
Let 